e 9) in base 5?
-4
-2 (base 4) to base 13
-2
1110 (base 2) to base 16
e
Convert 11 (base 13) to base 6.
22
-6 (base 16) to base 14
-6
33 (base 4) to base 5
30
-7 (base 16) to base 11
-7
What is 11 (base 8) in base 7?
12
88 (base 16) to base 8
210
5 (base 8) to base 13
5
Convert 6 (base 8) to base 9.
6
Convert 10 (base 3) to base 12.
3
2 (base 12) to base 9
2
Convert -6 (base 16) to base 15.
-6
201 (base 5) to base 7
102
11 (base 2) to base 8
3
Convert 1a5 (base 14) to base 2.
101010101
-77 (base 10) to base 4
-1031
Convert 132 (base 15) to base 4.
10100
125 (base 6) to base 2
110101
10 (base 9) to base 10
9
-103 (base 11) to base 16
-7c
Convert 1110 (base 2) to base 8.
16
2 (base 12) to base 14
2
What is 14 (base 8) in base 14?
c
What is 2 (base 13) in base 4?
2
-1 (base 7) to base 11
-1
7 (base 15) to base 4
13
-351 (base 7) to base 9
-223
113 (base 4) to base 15
18
10 (base 13) to base 14
d
Convert 0 (base 6) to base 7.
0
What is a1 (base 12) in base 16?
79
-101 (base 3) to base 12
-a
Convert -3 (base 4) to base 2.
-11
-130 (base 5) to base 15
-2a
82 (base 10) to base 9
101
What is -63 (base 9) in base 7?
-111
20 (base 15) to base 10
30
What is -50 (base 12) in base 7?
-114
-13 (base 7) to base 5
-20
8 (base 14) to base 10
8
-3 (base 4) to base 15
-3
What is -23 (base 6) in base 15?
-10
What is 46 (base 12) in base 8?
66
What is -4 (base 5) in base 10?
-4
What is 3 (base 5) in base 7?
3
123 (base 9) to base 15
6c
What is -35 (base 6) in base 5?
-43
34 (base 6) to base 4
112
What is -112 (base 6) in base 10?
-44
Convert 3 (base 6) to base 13.
3
What is 14 (base 8) in base 15?
c
Convert 1033 (base 4) to base 2.
1001111
-112 (base 8) to base 3
-2202
Convert 30 (base 8) to base 3.
220
What is -401 (base 5) in base 11?
-92
Convert 466 (base 8) to base 5.
2220
Convert 3 (base 16) to base 5.
3
-11 (base 14) to base 5
-30
What is a (base 12) in base 13?
a
Convert 1 (base 11) to base 9.
1
What is 1a (base 15) in base 4?
121
Convert 300 (base 5) to base 8.
113
What is -286 (base 9) in base 7?
-462
What is 2b (base 13) in base 5?
122
-112 (base 7) to base 6
-134
-1 (base 8) to base 12
-1
Convert -6 (base 15) to base 14.
-6
1001 (base 2) to base 14
9
Convert -a (base 15) to base 9.
-11
Convert -1 (base 3) to base 8.
-1
Convert -12 (base 4) to base 14.
-6
Convert 21 (base 11) to base 5.
43
Convert -164 (base 7) to base 11.
-87
What is -2 (base 10) in base 5?
-2
Convert -a (base 15) to base 10.
-10
8 (base 11) to base 4
20
4 (base 13) to base 14
4
-142 (base 10) to base 6
-354
What is 13 (base 6) in base 7?
12
Convert 17 (base 10) to base 12.
15
Convert 10000 (base 2) to base 16.
10
Convert 3 (base 10) to base 14.
3
3 (base 6) to base 11
3
What is 4 (base 5) in base 8?
4
Convert -120 (base 3) to base 7.
-21
Convert 0 (base 5) to base 3.
0
Convert 7 (base 13) to base 10.
7
3 (base 6) to base 10
3
What is 3320 (base 4) in base 15?
118
What is 11 (base 6) in base 4?
13
What is 244 (base 7) in base 13?
a0
2 (base 4) to base 2
10
What is 7 (base 9) in base 12?
7
Convert 0 (base 4) to base 11.
0
Convert 2 (base 13) to base 15.
2
Convert -77 (base 10) to base 13.
-5c
Convert 78 (base 11) to base 2.
1010101
What is 21 (base 4) in base 16?
9
What is 9 (base 11) in base 7?
12
Convert 52 (base 9) to base 2.
101111
Convert 222 (base 3) to base 2.
11010
Convert -6 (base 9) to base 7.
-6
What is -32 (base 5) in base 16?
-11
What is 27 (base 10) in base 16?
1b
Convert 210 (base 8) to base 6.
344
Convert 1 (base 11) to base 6.
1
-25 (base 8) to base 9
-23
5 (base 14) to base 6
5
-21 (base 14) to base 2
-11101
-23 (base 15) to base 5
-113
Convert -70 (base 12) to base 6.
-220
What is 259 (base 10) in base 9?
317
11 (base 10) to base 15
b
What is -12 (base 7) in base 2?
-1001
What is -13 (base 7) in base 4?
-22
3 (base 7) to base 14
3
Convert -2 (base 8) to base 15.
-2
What is 17 (base 10) in base 4?
101
23 (base 7) to base 13
14
19 (base 13) to base 14
18
1101 (base 5) to base 2
10010111
What is -82 (base 10) in base 9?
-101
What is -1 (base 5) in base 16?
-1
What is -2b (base 14) in base 15?
-29
2 (base 3) to base 13
2
-11a (base 12) to base 15
-b1
21 (base 3) to base 5
12
What is -2 (base 9) in base 2?
-10
Convert -13 (base 4) to base 13.
-7
Convert 8 (base 12) to base 7.
11
What is 21 (base 14) in base 16?
1d
Convert 4 (base 5) to base 16.
4
What is 4 (base 15) in base 14?
4
-184 (base 12) to base 10
-244
-3 (base 14) to base 16
-3
Convert 70 (base 8) to base 12.
48
What is -2 (base 11) in base 8?
-2
What is 3 (base 16) in base 6?
3
What is 101 (base 2) in base 15?
5
-7 (base 13) to base 10
-7
What is 2 (base 5) in base 14?
2
What is -61 (base 13) in base 4?
-1033
Convert 4 (base 9) to base 7.
4
100 (base 2) to base 11
4
What is -1 (base 6) in base 4?
-1
-1100 (base 2) to base 11
-11
Convert 8 (base 15) to base 10.
8
Convert 0 (base 15) to base 10.
0
Convert -1 (base 12) to base 2.
-1
Convert -2111 (base 4) to base 2.
-10010101
What is 2 (base 10) in base 6?
2
What is -2111 (base 3) in base 13?
-52
What is 163 (base 7) in base 10?
94
1 (base 12) to base 4
1
What is 274 (base 9) in base 4?
3211
-11 (base 7) to base 15
-8
180 (base 9) to base 2
10011001
Convert -11 (base 2) to base 14.
-3
0 (base 16) to base 5
0
What is 223 (base 9) in base 7?
351
Convert -121 (base 3) to base 2.
-10000
Convert -1a (base 11) to base 15.
-16
Convert -5 (base 13) to base 14.
-5
-9 (base 14) to base 5
-14
What is 20 (base 6) in base 3?
110
What is 5 (base 15) in base 6?
5
Convert 235 (base 6) to base 10.
95
Convert -15 (base 6) to base 12.
-b
Convert -1000 (base 2) to base 14.
-8
Convert -335 (base 9) to base 8.
-423
What is -2 (base 4) in base 5?
-2
1 (base 13) to base 7
1
What is 33 (base 7) in base 11?
22
Convert -1 (base 2) to base 3.
-1
What is 10100 (base 2) in base 10?
20
Convert -17 (base 16) to base 14.
-19
What is -105 (base 9) in base 13?
-68
What is -24 (base 13) in base 11?
-28
-24 (base 13) to base 12
-26
Convert -34 (base 11) to base 6.
-101
What is -1 (base 13) in base 5?
-1
Convert -2 (base 12) to base 9.
-2
What is -2 (base 15) in base 6?
-2
Convert 17 (base 13) to base 16.
14
2 (base 15) to base 8
2
Convert -17 (base 15) to base 7.
-31
What is 0 (base 8) in base 6?
0
-55 (base 7) to base 12
-34
What is -1 (base 12) in base 15?
-1
-1011 (base 2) to base 14
-b
Convert -34 (base 5) to base 15.
-14
Convert 2 (base 4) to base 8.
2
5 (base 16) to base 8
5
-1c (base 15) to base 11
-25
-48 (base 9) to base 16
-2c
Convert -2 (base 9) to base 6.
-2
What is 2 (base 6) in base 9?
2
25 (base 9) to base 11
21
Convert 4 (base 14) to base 2.
100
Convert -12 (base 9) to base 12.
-b
Convert 11 (base 7) to base 2.
1000
20 (base 14) to base 10
28
What is c (base 14) in base 2?
1100
Convert 3 (base 15) to base 12.
3
-1 (base 12) to base 2
-1
-3 (base 13) to base 10
-3
What is -240 (base 6) in base 16?
-60
Convert a (base 16) to base 8.
12
6 (base 16) to base 15
6
Convert -1 (base 12) to base 15.
-1
What is 22 (base 11) in base 14?
1a
-2040 (base 5) to base 13
-17a
Convert -2122 (base 5) to base 8.
-437
Convert -1 (base 6) to base 9.
-1
What is -366 (base 7) in base 2?
-11000011
Convert 20 (base 11) to base 15.
17
-3c (base 15) to base 9
-63
-18 (base 12) to base 4
-110
-13 (base 10) to base 6
-21
-14 (base 13) to base 16
-11
Convert 24 (base 16) to base 14.
28
-2 (base 13) to base 15
-2
What is 1 (base 16) in base 9?
1
-30 (base 7) to base 10
-21
-1 (base 2) to base 15
-1
4 (base 11) to base 4
10
110 (base 2) to base 12
6
What is 11 (base 5) in base 13?
6
What is -ca (base 14) in base 10?
-178
Convert 14 (base 13) to base 4.
101
-1 (base 14) to base 11
-1
-1 (base 14) to base 9
-1
What is -169 (base 10) in base 2?
-10101001
What is -15 (base 8) in base 4?
-31
What is -200 (base 5) in base 6?
-122
What is -10011 (base 2) in base 7?
-25
-314 (base 6) to base 4
-1312
What is 31 (base 7) in base 12?
1a
What is -136 (base 8) in base 2?
-1011110
What is -5 (base 6) in base 13?
-5
What is -48 (base 14) in base 9?
-71
What is 50 (base 12) in base 6?
140
Convert -14 (base 10) to base 14.
-10
Convert 305 (base 7) to base 14.
ac
Convert -3 (base 14) to base 3.
-10
What is -12 (base 7) in base 16?
-9
Convert 114 (base 11) to base 12.
b4
Convert -21 (base 7) to base 14.
-11
-231 (base 14) to base 6
-